5130
Convert 3324011043 (base 5) to base 3.
111122101012011
What is -1156152 (base 7) in base 9?
-245756
Convert -2225116 (base 9) to base 5.
-301312333
-32347257 (base 8) to base 12
-23a4a13
-1800306 (base 9) to base 11
-626422
Convert -127242 (base 9) to base 14.
-2033c
What is -2227166 (base 8) in base 10?
-601718
Convert 64166471 (base 8) to base 5.
12001122332
What is -72179 (base 11) in base 14?
-2a576
21666055 (base 8) to base 2
10001110110110000101101
1100121020 (base 4) to base 8
1203110
Convert -20663046 (base 7) to base 13.
-49983c
Convert 13236474 (base 8) to base 7.
34125502
What is 754401 (base 9) in base 3?
211211110001
What is a5349 (base 12) in base 4?
310312221
What is -3001324 (base 9) in base 4?
-12011132311
What is 11222210201 (base 3) in base 14?
27b56
Convert 3956454 (base 10) to base 3.
21110000020100
Convert -22036351 (base 7) to base 9.
-3503081
1011033031 (base 4) to base 11
184086
-11333065 (base 7) to base 8
-3640724
What is 247b14 (base 13) in base 16?
d5665
What is 103200000 (base 4) in base 11?
55011
2402340 (base 6) to base 15
27070
What is 2434513 (base 7) in base 4?
1030000330
Convert -1274a59 (base 11) to base 15.
-2d79ed
2522271 (base 8) to base 4
2222102321
Convert -df92f (base 16) to base 7.
-10532565
What is 232072 (base 10) in base 15?
48b67
Convert -33b01 (base 14) to base 3.
-20101100020
Convert -1323564 (base 7) to base 10.
-174192
Convert -6401605 (base 9) to base 6.
-201233222
What is 4313772 (base 8) in base 3?
2011120122101
What is -11de3c (base 15) in base 2?
-11010001001111111010
12210421 (base 5) to base 14
30597
33422055 (base 6) to base 15
15065e
-11201010021101 (base 3) to base 5
-1120032002
-102201101121 (base 3) to base 11
-148322
What is -80204 (base 9) in base 3?
-2200020011
What is -111100101001000 (base 2) in base 13?
-11194
What is -43151 (base 14) in base 8?
-474563
448362 (base 14) to base 13
636591
-26571506 (base 8) to base 4
-112233031012
What is -32201222021 (base 4) in base 5?
-1433323011
Convert -42443 (base 9) to base 11.
-1a0a4
50104 (base 15) to base 9
425474
-11330303331 (base 4) to base 14
-2c8629
Convert b232d (base 14) to base 3.
210210001112
3019519 (base 10) to base 6
144415131
839873 (base 10) to base 3
1120200002102
Convert -2451330 (base 8) to base 7.
-5515334
2312014032 (base 5) to base 4
103302300202
What is -1b64937 (base 12) in base 15?
-7aa0bd
1d58a (base 15) to base 9
155314
Convert 102124220 (base 5) to base 7.
3425226
132231313 (base 4) to base 6
2410251
Convert -9a890 (base 12) to base 4.
-302011230
What is 21230530 (base 6) in base 10?
626166
45594a5 (base 12) to base 14
1aa5c17
Convert -1101101001000001101010 (base 2) to base 6.
-204351054
What is -3d304b (base 15) in base 12?
-ba1152
-33201322223 (base 4) to base 7
-46414022
1774042 (base 9) to base 15
149645
What is -10000100011100100110 (base 2) in base 5?
-114330002
Convert -31628 (base 10) to base 16.
-7b8c
What is -350263 (base 8) in base 6?
-2314431
Convert 11011000100010011 (base 2) to base 13.
3b603
What is 3103233100 (base 5) in base 16?
603678
Convert -1100100010000100111011 (base 2) to base 13.
-8b048c
Convert -111110101011001101110 (base 2) to base 6.
-112004022
Convert 1022221201 (base 3) to base 7.
136261
What is 120212021223 (base 4) in base 12?
21ab3a3
Convert -76853 (base 12) to base 10.
-156735
What is -18a323 (base 11) in base 5?
-33320002
Convert -b1b6 (base 13) to base 3.
-1020120212
-2230243 (base 5) to base 12
-1a9b4
Convert 43348 (base 15) to base 7.
1546031
What is 21432421 (base 6) in base 16?
9cc3d
Convert ebda (base 16) to base 12.
2ab36
-13b57a9 (base 15) to base 6
-1225145310
What is -1862516 (base 10) in base 16?
-1c6b74
What is 11112414 (base 5) in base 11?
67583
2216262 (base 7) to base 12
112349
b8634c (base 15) to base 16
85f572
-476244 (base 8) to base 5
-20203410
Convert -103343234 (base 5) to base 10.
-449819
Convert -1554642 (base 7) to base 11.
-137905
What is -1302451 (base 6) in base 10?
-70591
-10010110000010010 (base 2) to base 9
-126333
What is -379600 (base 10) in base 15?
-7771a
What is a688a0 (base 12) in base 3?
11221111201010
10402322 (base 5) to base 7
526124
-3c518 (base 15) to base 6
-4051535
Convert 16212303 (base 7) to base 11.
97a859
What is 1571072 (base 8) in base 5?
104031401
Convert -13414142301 (base 5) to base 15.
-17c6051
Convert 401728 (base 16) to base 4.
100001130220
Convert 300233132 (base 4) to base 13.
6cb45
Convert -19513 (base 11) to base 4.
-12221213
21012555 (base 6) to base 2
10010100100011010111
Convert 2010020212120 (base 3) to base 4.
10103020131
Convert 101110100101101101100010 (base 2) to base 5.
11111304330
-11550200 (base 8) to base 10
-2543744
What is -4da37 (base 16) in base 4?
-1031220313
Convert -110011100101011101 (base 2) to base 6.
-4310113
What is 8b12a (base 16) in base 14?
10b84a
Convert 3124240403 (base 5) to base 15.
87e453
What is 334360 (base 7) in base 14?
177d7
-12202212211 (base 3) to base 14
-2d5b0
2266434 (base 8) to base 10
617756
-3241813 (base 9) to base 14
-3341b8
Convert -3813 (base 10) to base 9.
-5206
Convert -326a827 (base 12) to base 3.
-200001122122211
-33234406 (base 7) to base 9
-5347327
Convert 1020583 (base 9) to base 5.
114420133
Convert -21220 (base 12) to base 11.
-2a767
What is -111110000010110011000 (base 2) in base 9?
-3737732
What is -53902 (base 10) in base 8?
-151216
-120312110 (base 4) to base 3
-12011121122
What is -3448376 (base 9) in base 7?
-21556134
Convert 3ad6e (base 15) to base 11.
119814
597803 (base 14) to base 6
145254255
21153540 (base 7) to base 2
110110110001100100001
What is -2222210110121 (base 3) in base 13?
-438acc
Convert 11110101111000101 (base 2) to base 11.
86649
2a6e2 (base 15) to base 10
136562
-312930 (base 13) to base 4
-10120113222
What is -11100001111110101 (base 2) in base 14?
-30245
-70b0b5 (base 14) to base 7
-44154315
1a6650 (base 11) to base 14
8335a
2134030 (base 5) to base 12
19339
201043201 (base 6) to base 9
6370081
11332021 (base 4) to base 10
24457
-8f3115 (base 16) to base 8
-43630425
What is -2091cf (base 16) in base 13?
-599709
What is -70038 (base 9) in base 5?
-2432322
-20719 (base 13) to base 16
-e3d7
3a434 (base 11) to base 15
121a4
Convert -3710a7 (base 11) to base 15.
-b8e43
3626032 (base 7) to base 8
1603600
Convert -172247 (base 10) to base 4.
-222003113
144634133 (base 7) to base 3
200010201022012
What is -2257426 (base 8) in base 7?
-5135400
200002220121 (base 3) to base 14
93c64
What is 20db77 (base 15) in base 12?
635964
Convert -108396 (base 16) to base 7.
-12125166
Convert -c7123 (base 15) to base 6.
-21311023
Convert -33001314 (base 5) to base 7.
-2251403
63b168 (base 13) to base 4
20322301013
What is -10f72 (base 16) in base 8?
-207562
205886 (base 9) to base 4
131321211
Convert 1e0879 (base 15) to base 12.
5aa873
What is -424102234 (base 5) in base 6?
-102130250
What is 1482760 (base 10) in base 9?
2708861
Convert -211113010 (base 4) to base 11.
-a4a77
Convert -101101011011011100100111 (base 2) to base 3.
-211102000221111
What is 583104 (base 12) in base 2?
101011001100011010100
6154326 (base 9) to base 16
321ae3
What is 12221100110222 (base 3) in base 8?
14024337
What is 520516 (base 8) in base 15?
36111
Convert 110b69b (base 12) to base 13.
89c62a
What is -2210000212 (base 3) in base 15?
-11318
Convert -1526a9 (base 11) to base 2.
-111010000011000011
11a27 (base 11) to base 7
101115
What is -253115410 (base 6) in base 11?
-2853383
214103432 (base 5) to base 6
31500404
Convert 4362216 (base 7) to base 6.
15254300
What is 542526 (base 7) in base 2?
10111000101111110
-264071 (base 10) to base 12
-10899b
185fee (base 16) to base 15
21849c
-1100001000101101 (base 2) to base 12
-24925
What is -11201001111102 (base 3) in base 11?
-1458a04
What is -3893e (base 16) in base 5?
-24403432
What is 21a11a6 (base 11) in base 15?
5115a1
What is 210222222001 (base 3) in base 10?
433000
131130132 (base 4) to base 2
11101011100011110
-41542133 (base 7) to base 10
-3506219
5cbcba (base 14) to base 15
42d0c7
-151354124 (base 6) to base 11
-1866726
-1735c (base 15) to base 3
-10210220020
14431520 (base 6) to base 12
2025a0
What is 1428034 (base 10) in base 13?
3accba
What is -3d298b (base 14) in base 13?
-5930b7
Convert 10111010111100000